3742*d - 383729*d + 3*d**2 + 3 - 3. Give t(6).
-30
Suppose -p = -4*p. Let h = -584 - -590. Let x(m) = -18 + 5249*m - 5250*m + h. What is x(p)?
-12
Let o(l) = -3*l**3 + 2*l**2 - 435*l - 437. Let d be o(-1). Let b(y) be the third derivative of -y**6/60 + y**5/60 + y**4/8 + y**3/2 - y**2. Determine b(d).
-33
Let t(j) = -j + 4. Let r(u) = -9*u - 9. Let w(x) = r(x) + 7*t(x). Give w(4).
-45
Suppose 522*o - 507*o - 210 = 0. Let j(y) = -y**2 + 102*y - 1233. Give j(o).
-1
Let u(m) be the first derivative of m**4/4 - 20*m**3/3 + 5*m**2/2 - 68*m - 9048. Calculate u(20).
32
Let f(r) = 7*r + 1. Let v(t) be the third derivative of -t**5/30 + 13*t**4/8 + 11*t**3/3 - 2*t**2 + 20*t. Let s be v(20). Give f(s).
15
Let i(h) be the second derivative of -27*h**5/20 - h**3/3 + h**2/2 - 1981*h. Calculate i(1).
-28
Let s(r) = -2*r**2 - 1. Suppose 5*p = 2*p + 96. Let a be 1/(2/p*4). Suppose 0 = 5*w - d + 14, 3*d - 6 = -a*w - 2. Calculate s(w).
-9
Let c = 7 + -2. Suppose -2*d = -0*d - 4. Let y(u) = 1395 - 3*u**3 + 7*u + 4*u**d + 2*u**3 - 1398. Calculate y(c).
7
Suppose 5*r + 6*r = 33. Let o(a) = -3*a + 16*a**2 - 8*a**2 - 10*a**2 + 4*a + 7*a**r. Give o(1).
6
Let v(f) be the second derivative of 40 - 1/3*f**4 + 1/20*f**5 + f - 1/2*f**3 + 5/2*f**2. Calculate v(4).
-7
Let c(g) be the first derivative of 6*g**2 + 137*g - 579. Determine c(-11).
5
Let n(b) = -2*b + 12. Let w(r) = 20*r + 432 - 144 - 144 - r**2 - 139. Let i be w(0). Give n(i).
2
Let g(q) be the third derivative of -2/5*q**5 + 0*q + 39*q**2 - 1/6*q**3 + 0 + 0*q**4. Let t = 36 + -35. Give g(t).
-25
Suppose 6*f - 2*f - 27 = -v, 3*v = -4*f + 41. Let b(u) be the first derivative of 73 + 101 + 3*u + u**2 - 56. What is b(v)?
17
Let d(q) = q**2 + 2*q + 3. Let p(j) = j**3 + 8*j**2 + 11*j + 25. Let r(z) = -7*d(z) + p(z). Determine r(-4).
-32
Let s(u) be the second derivative of u**4/12 - 4*u**3/3 + u. Suppose 0 = -166*g + 168*g - 6, 3*c + 3*g = 30. Calculate s(c).
-7
Suppose 1 = -w + 2. Suppose 2*m - 5*i - 26 = 0, -5*i - 3 = m - 1. Let n(q) = -1 - q - 3*q - 3*q + m*q + q**2. What is n(w)?
1
Let b be 1/4*(2 + 10). Suppose -b*k = -k - 2. Let y(a) be the third derivative of 4*a**5/15 - a**4/24 - a**2. What is y(k)?
15
Let q(r) = r**2 + 8*r + 4. Let z(d) = -3*d**2 - 17*d - 7. Let i(s) = -7*q(s) - 3*z(s). Let k be i(0). Let u(h) = h**2 + 5*h - 7. Determine u(k).
7
Let g(w) = -559*w**2 - 1 - 18 - 82*w - 4 + 29*w + 557*w**2. Determine g(-26).
3
Let r be -5 + 231/45 + (-737)/15. Let h = 41 + r. Let d(t) be the third derivative of -t**4/24 - 5*t**3/2 - 8*t**2. Calculate d(h).
-7
Let j = -111 + 187. Let g = j - 82. Let p(r) = -8 - 5*r + 8 - r**2. What is p(g)?
-6
Let r(n) = 2*n**2 - 5*n - 3. Let z = -2 - -9. Suppose 17 = 8*k - z. Let f(j) = -5*j**2 + 10*j + 6. Let m(o) = k*f(o) + 7*r(o). Calculate m(-6).
-9
Let t(x) = 4*x - 3. Suppose -9*f + 10*f - 2 = 0. Let c be f + (-15)/(-10)*12/9. Suppose 4*i - 2*i = -2*a + c, a + 2 = -3*i. What is t(a)?
13
Let w be (-1578)/(-4) - 2/((-20)/(-15)). Let n(h) = 398*h - w*h + 0 + 4. What is n(-3)?
-11
Let m(z) = 40 + 3*z - z + 46 - 85. Let u(v) = -v**3 - 2*v**2 + v + 2. Let w be u(-2). Let o(k) = k**3 + k - 3. Let t be o(w). Calculate m(t).
-5
Let m(k) = 3*k**3 + 42*k**2 - k - 6. Let a(v) = -v**2 + 53*v - 66. Let f be a(52). Give m(f).
8
Let x = 629 - 632. Let m(j) = 2*j + 4. Let f(v) = 2*v + 3. Let i(d) = 6*f(d) - 7*m(d). Let p(s) = s + 5. Let z(g) = 4*i(g) + 7*p(g). Determine z(x).
-2
Let i(w) = 9*w + 45 - 16*w + 2*w**2 - 28 - 20 - 11. Determine i(5).
1
Let m(u) = u**2 - 9. Let n(v) = -v**3 + 3*v**2 + v - 2. Let g be n(2). Let j be (0/(-1 - -2))/(4/g). Suppose 9*p - 2*p = j. Give m(p).
-9
Let i(k) be the second derivative of k**4/12 + 7*k**3/6 + 9*k**2/2 - 69*k - 3. Let y = 8 - 10. Let q be ((-4)/(-3))/(y/9). Determine i(q).
3
Let i(j) be the third derivative of j**5/60 - 5*j**4/24 + j**3/3 - 63*j**2 + 15*j + 1. Let h(a) = 7*a - 1. Let k be h(1). Determine i(k).
8
Let v be 2/(-3) - 815/15. Let s = v - -57. Let g(u) = 2 + 17*u**2 - s*u**2 + 3 - 4. Calculate g(-1).
16
Let g(i) = -i + 1. Let s(q) = -4*q + 6. Let f be (78/18 - 5)*7*-15. Let j = 81 - f. Let d(w) = j*g(w) - 2*s(w). Calculate d(3).
-10
Let s = -56788 + 56795. Let v(w) = -w - 9 - 6*w**2 + 0*w - 2*w + w**3. What is v(s)?
19
Let g(d) = -3*d + 4. Let x be g(6). Let h be (-16 - x)/(1/(-1)). Let f(m) = 10 - 1 + 2*m - 5*m + h*m. Give f(4).
5
Let z(f) be the first derivative of -2*f**2 - 241 + 3*f - 1/4*f**4 + 2*f**3. Determine z(2).
11
Let w(s) = 2*s**2 + 2*s. Let j(k) = k**3 - 25*k**2 - 26*k - 4. Suppose -5*q + 93 = 88. Let t(d) = q*j(d) + 4*w(d). Determine t(18).
-4
Let p(x) = -9*x**2 + 11*x + 1. Let q(n) = -2*n**3 + 283*n**2 + 433*n - 570. Let r be q(143). Give p(r).
-13
Let x(v) = 41*v + v**3 + 288*v**2 + 293*v**2 - 592*v**2 - 34*v. Give x(11).
77
Let r(x) be the third derivative of -x**8/20160 + x**7/630 + x**6/180 - 29*x**5/30 + x**4/12 - 130*x**2. Let l(p) be the third derivative of r(p). What is l(7)?
11
Let p(i) = 75 - i**2 + 85 + 90 - 255 + 3*i. Give p(2).
-3
Let z(t) = 4*t + 4878 - 2444 + t**3 - 2441 - 5*t**2. Give z(5).
13
Let w(k) = -2*k. Let v(l) = l**2 + 28*l + 92. Let a(c) = v(c) - 2*w(c). Let o be a(-29). Let j(m) = -m**3 + 4*m**2 - m + 2. Determine j(o).
-28
Let o(b) = -3*b - b - 2 - 8 + 9*b - 4*b. Calculate o(-9).
-19
Let d = -356 + 369. Let w(j) be the second derivative of j**3/2 - 7*j**2/2 - 185*j. Give w(d).
32
Suppose 2*r + d + 5 - 11 = 0, 4*r - d - 18 = 0. Let v(q) = -q**3 + 6*q**2 - q - 20. Determine v(r).
8
Let q(y) = -14*y**3 - 77*y**2 - 66*y + 11. Let z(m) = 5*m**3 + 26*m**2 + 22*m - 3. Let w(c) = 6*q(c) + 17*z(c). Determine w(21).
-6
Let s be (8*2 - (17 + -24))/(-1). Let a(c) = c**2 + 25*c + 9. What is a(s)?
-37
Let k(j) = -3. Let p(c) = -c + 2. Let f(z) = 3*k(z) + 2*p(z). Let s(q) = -3. Let a(x) = 2*f(x) - 3*s(x). Give a(3).
-13
Suppose 4*c + 27 = m, 5*c - m - 4*m + 15 = 0. Let b(x) be the first derivative of -x**4/4 - 3*x**3 - 11*x**2/2 - 11*x + 1954. Give b(c).
13
Let h(p) = -p**3 + 7*p**2 + 9*p + 4. Suppose -2*o - 32 = -10*o. Suppose -6*w + 2*w - 104 = -o*b, 5*w + 2*b = -116. Let x = -16 - w. Give h(x).
12
Let o(s) = s. Let j be o(6). Let i(d) be the third derivative of -d**4/24 + d**3 - 1886*d**2 - 2. Give i(j).
0
Suppose -4*z + 18 = -p + 26, -4*p - 2 = z. Let o(b) = b. Let w(r) = 12*r + 1. Let y(i) = -5*o(i) - w(i). Calculate y(z).
33
Let p(y) = -37*y + 14. Let o(l) = 106*l - 39. Let w(d) = 6*o(d) + 17*p(d). Calculate w(2).
18
Let n(q) = q**3 - 6*q**2 + 5*q - 28. Let p(m) = 2*m**2 - 2*m - 1. Let s(j) = -n(j) - 3*p(j). Calculate s(0).
31
Let f = 1315 - 1320. Let q(c) = 2*c**3 + 7*c**2 - 4*c + 8. Calculate q(f).
-47
Let r(u) = 55*u**2 + 4346*u + 79. Let k be r(-79). Let p(b) = 3*b**2 - 3*b + 17. Let q(c) = -c**2 + c - 8. Let i(l) = 2*p(l) + 5*q(l). Give i(k).
-6
Suppose -4*n = -7*n - r + 10, r - 12 = -4*n. Let j(q) = 50*q**2 - 49*q**n - 4 + 6*q - 8*q. What is j(-2)?
4
Let f(a) = a - 8. Let l(j) = j**3 - 29*j**2 - 26*j - 17. Let w be l(30). Let k = 108 - w. Determine f(k).
-3
Let p(q) = -2*q**2 + 6. Let y(i) = -i**3 + i**2 + i - 1. Let g(f) = p(f) + y(f). Let o be (6 + -6)/((-3)/6*-2). Determine g(o).
5
Suppose 76 = -0*a + 19*a + 304. Let v(b) = -b**3 - 12*b**2 - b - 25. Determine v(a).
-13
Let v = 14188 - 14179. Let s(c) = -c - 36. Give s(v).
-45
Suppose 0 = -4*h - 0 + 16, -5*m = 5*h + 355. Let u = 147 + m. Let z = -78 + u. Let a(x) = 2*x + 3. Give a(z).
-9
Let m(l) be the first derivative of l**4/4 - 7*l**3/3 + 2*l**2 + 10*l - 812. Give m(5).
-20
Let d(o) be the second derivative of 5*o**3/3 + 103*o**2 - 40*o + 43. Determine d(-21).
-4
Let p(q) be the second derivative of q**3/6 - 5*q**2 + q. Suppose -714*h + 18 = i - 717*h, 5*h = -2*i - 8. Give p(i).
-4
Let s(t) = -8 + 0 + 0 + 4*t - 2*t. Let h(y) = 7*y - 33. Let b(n) = 6*n - 27. Let i(p) = 3*b(p) - 2*h(p). Let f(a) = 6*i(a) - 11*s(a). What is f(-2)?
-6
Let o(d) be the second derivative of 2*d - 7/2*d**2 + 1/2*d**3 + 0. Calculate o(7).
14
Let c be (-1 - -3)*(-9)/6. Let x(f) = -5*f**3 + 2*f - 1. Let r(o) = -36*o**3 - 4*o**2 + 14*o - 5. Let q(v) = r(v) - 7*x(v). Determine q(c).
-7
Let w(p) = p**3 - 23*p**2 + 45*p - 38. Suppose -11*d - 22*d + 357 = -16*d. Give w(d).
25
Suppose i + 5 = 0, -76 = -2*r - 2*r + 4*i. Let y = r + -9. Suppose 5*q + 2*v - 2 = y*v, 3